 9*b**2 - 8*b + 12. What is the units digit of d(n)?
0
Let j(o) = 2*o**3 - 11*o**2 - 24*o + 39. Let h be j(9). Let d = h - 58. What is the units digit of d?
2
Let r = 7484 - 5712. What is the tens digit of r?
7
Let w(q) = -35*q + 72. Let m = 892 - 919. What is the units digit of w(m)?
7
Let i = 2823 + 7483. What is the tens digit of i?
0
Let s = 14115 - -529. What is the units digit of s?
4
Let t = 18824 - 8282. What is the thousands digit of t?
0
Let w = -752 + 1319. Let h = -349 + w. What is the hundreds digit of h?
2
Let y(p) be the second derivative of -26*p**3/3 + 51*p**2/2 + 119*p - 2. What is the units digit of y(-11)?
3
Suppose -44*c - 1980 = -45*c. Suppose 7*g - c = 2*g. What is the units digit of g?
6
Let c(b) = -6021*b - 3379. What is the hundreds digit of c(-4)?
7
What is the hundreds digit of (-20)/(20/3) - -7663?
6
Let f = 2978 - 2924. Let l(x) = 2*x**3 + 4*x**2 + x + 2. Let y be l(-3). Let c = f - y. What is the units digit of c?
3
Suppose -3*o = -5*q - o + 1838, -5*q = -5*o - 1850. Suppose 0 = -3*n - 0*n - q. Let t = 228 + n. What is the hundreds digit of t?
1
Let z(i) = -48*i + 27. Let l(p) = -16*p + 9. Let r(w) = -11*l(w) + 4*z(w). What is the units digit of r(-11)?
5
What is the thousands digit of (4/(-36) - (-2945)/(-1197))*(-440 - 1)?
1
Let c(v) = 26190*v**3 - 6*v**2 + 68*v - 62. What is the tens digit of c(1)?
9
Suppose 0 = -117*v - 142*v + 3836213 - 529301. What is the thousands digit of v?
2
Suppose 59*b - 128*b = -555450. What is the hundreds digit of b?
0
Let d be 9/((-189)/280)*312/10. Let s = 297 - d. Let v = s + -459. What is the hundreds digit of v?
2
Let a be (4 + -4)/2 - 1*-2. Suppose -4*z + a*v + 19 = 3*v, 4*v - 6 = -2*z. Suppose z*w + q - 386 = -2*q, -3*w + 252 = -5*q. What is the units digit of w?
9
Suppose d - 2*n - 2 = 0, -5*n + 4*n + 10 = 5*d. What is the hundreds digit of 64605/472 + d/16?
1
Suppose 4 = -f, k - 3*f = -0*f + 20. What is the tens digit of (-2954)/(-15 + k) - -7?
2
Suppose -135 + 891 = 6*n. Suppose 5*r - 254 + 704 = 0. Let o = r + n. What is the units digit of o?
6
Let g be (0 - (-1 + 2)) + 0 + 6. Suppose -a - 95 = -g*t, -2*a - 69 = -3*t + a. Suppose 21*s - t*s = 204. What is the units digit of s?
8
Let d(z) = z**2 + z + 3. Let p be 3/(-4) + 228/48. Suppose -m + 3*m - 2*u - 8 = 0, -p*u - 16 = 5*m. What is the units digit of d(m)?
3
Suppose 4896910 = -331*b + 15069202. What is the tens digit of b?
3
Let q = 14074 + -14071. Suppose -5*s - 25 = -0*s. What is the units digit of (-9)/(q + 1 + s)?
9
Let c(d) = 14*d**2 - 6. Let q be 15/((-60)/(-16)) + 5. What is the units digit of c(q)?
8
Let x(w) = w**2 - 12*w + 30. Let v be (-16)/(3 + 15/(-3)). Let s be x(v). Let t(o) = -6*o**3 - 5*o - 5. What is the tens digit of t(s)?
5
Let c = -8255 - -14855. What is the tens digit of c?
0
Suppose -23*b - 85 = -22*b. Let d = 321 + b. What is the units digit of d?
6
Suppose -26 = -14*t + 2. Suppose 267 = 2*o - a, -4*o - t*a = -7*a - 549. Suppose 0 = -2*y + 115 + o. What is the hundreds digit of y?
1
Let u = 22116 + -15453. What is the units digit of u?
3
Let h = 88 - 89. Let x(u) = -403*u**3 - 2*u**2 - u. What is the hundreds digit of x(h)?
4
Let j(p) = -p**2 - 17*p - 12. Let g = -77 + 61. Let l be j(g). What is the tens digit of (4/8)/((-2)/l)*-37?
3
Let b = 5830 + -5825. Suppose 4*y + 4 = 5*y. Suppose 8*j + 97 = 3*i + y*j, 0 = 5*i - b*j - 165. What is the units digit of i?
5
Suppose 4*o = 3*c - o - 122, 0 = -4*c - 2*o + 154. What is the hundreds digit of c/65 - 1412/(-5)?
2
Let j(y) = -7951*y - 381. What is the units digit of j(-2)?
1
Let o be -2 + 6/(-4) + 2037/42. Suppose 2*c = -c - o. What is the units digit of (-3)/(c/(-175))*-7?
5
Let w be 6/12 + 1092/(-8). Let f = w + 411. What is the hundreds digit of f?
2
Let p(n) = -8*n + 3. Let x be p(6). Let o = x - -48. What is the units digit of (-15)/(-10)*o/(9/4)?
2
Let r(j) = -10816*j + 450. What is the units digit of r(-1)?
6
Let r = 8956 + -3145. What is the units digit of r?
1
Let z = 48 + -90. Let p be ((2/2)/2)/((-7)/z). What is the units digit of 1191/9 + p/(-9)?
2
Let p(f) be the third derivative of 19*f**5/60 - 5*f**4/6 - 11*f**3/6 - 163*f**2. What is the units digit of p(-6)?
3
Let m(g) = 176*g**3 + 54*g**2 - 232*g + 9. What is the ten thousands digit of m(4)?
1
Let q = 21 - 21. Let o(c) = c**2 - 16*c + 42. Let l be o(13). Suppose -3*v + l*y + 396 = 0, q*v - 4*y = v - 112. What is the units digit of v?
8
Let h(g) = -7607*g + 4557. What is the thousands digit of h(-5)?
2
Let j = 100 - 75. Suppose -3*v + 26 = 2*o, -2*o + v = -j - 1. What is the tens digit of o?
1
Suppose -g = -2*f - 4*g + 26, -4*g = 0. Let i(n) = 2*n**2 - 17*n - 24. What is the tens digit of i(f)?
9
Let c(f) = 15*f**3 - 2*f**2 - 8*f + 22. Let k be c(5). Let p = -865 + k. What is the hundreds digit of p?
9
What is the tens digit of 0 + 2 + (-122976)/(-16) + -6?
8
Let a = -265 + 283. Let l(k) = k**2 - 13*k - 75. What is the units digit of l(a)?
5
Let n = 287 - 214. Let s = n - -110. What is the tens digit of s?
8
Suppose -4*k + 11 = g, -4*g + 10 = -2. Suppose k*s = -4*s + 78. Suppose -t = -s - 25. What is the units digit of t?
8
Let j = -648 - -622. What is the tens digit of 19874/32 + j/416?
2
Suppose -a + 3*a - 2 = 0, -2*c + 4*a = -2. Suppose -c*d + 0*d - n = -774, -248 = -d + 3*n. What is the hundreds digit of d?
2
Let v = 446 - 451. Let y(m) = 7*m**2 - 3*m - 4. Let w(x) = x**3 + x**2 - x - 1. Let i(j) = w(j) + y(j). What is the units digit of i(v)?
0
Let c(o) = 7*o**2 - 2*o + 14. Suppose -28*h + 24*h + 36 = 0. Suppose 8*b - 15 - h = 0. What is the tens digit of c(b)?
7
Let z = -293 + 13102. What is the units digit of z?
9
Let o = -1213 - -3937. What is the units digit of o?
4
Let w = -50 - -52. Suppose -w*l + 6*v = v + 64, 0 = -5*v - 20. What is the tens digit of (-2)/7 + (-2784)/l?
6
Let g(n) = 0 - 18*n + 12 + 15*n**2 + 1 + 4. What is the units digit of g(8)?
3
Suppose 0 = -v + 3, -2*c - v - 3 + 184 = 0. Suppose -5*i - 90 = -2*n - 9*i, -3*i = 2*n - c. What is the units digit of n?
3
Let n(j) = -j**3 + 14*j**2 - 4. Let q be n(14). Let w be (130/q)/((-7)/(-546)*-3). Suppose 4*i + 3*y - w = -i, 2*y = -i + 169. What is the tens digit of i?
6
Let l(z) = 144*z**2 + 210*z + 1614. What is the tens digit of l(-8)?
5
Let l(x) be the third derivative of -x**5/60 + 17*x**4/12 + 10*x**3/3 - 84*x**2. What is the hundreds digit of l(15)?
3
Let a be (-3 - -6)*1 - -6. What is the hundreds digit of (-44)/66*-113*a?
6
Suppose -4*o + 896 = 3*r, 3*r - 2*r - 672 = -3*o. Let h = -173 + o. What is the tens digit of h?
5
Let i(c) = 0*c**3 - c + 12 - 3*c - 2*c**3 + 3*c**2 + 2*c**2. Let a be i(5). Let t = a - -229. What is the units digit of t?
6
Let f = 1225 + -289. Let a be (2/4*3)/(4/f). Suppose 0 = -4*d + x + 341, -4*d + a = -5*x + 2*x. What is the units digit of d?
4
Let s(h) = -201*h + 123. Let q(f) = -100*f + 62. Let j(v) = -14*q(v) + 6*s(v). What is the units digit of j(8)?
2
Suppose -5*k = -2*w - 9, 3*k - 2*w = 2 + 1. Suppose -p + k*m = 3*p - 392, -5*m = 0. Let u = p - -3. What is the hundreds digit of u?
1
Suppose -447289 = -71*v + 376027. What is the hundreds digit of v?
5
Let l(x) = x**3 - 11*x**2 + 21*x + 23. Let j be l(8). What is the hundreds digit of (-938 + 104)*(0 + j/1)?
8
Let j(i) = -10*i**3 + 3*i**2 + i + 2. Let c be j(4). Suppose -6 = -3*k + 870. What is the hundreds digit of 1/(-2 - c/k)?
1
Suppose d - 3 = -0. Suppose 0 = 2*g - z + 5*z - 594, -5*g + 1459 = -d*z. What is the tens digit of g?
9
Suppose -3*f = 262 - 253, -4*g + 515 = -5*f. What is the tens digit of g?
2
Let g = 186 - 756. Let t = g - -761. What is the tens digit of t?
9
Suppose -64762 + 23038 = -18*h. Let a = 3315 - h. What is the hundreds digit of a?
9
Suppose 4*i + 12341 = 2*m + 81113, 0 = -5*i + 5*m + 85965. Let x = i + -10755. What is the units digit of x/30 - (-9)/(-15)?
4
Suppose -102*n = -207*n + 4092270. What is the thousands digit of n?
8
Let t = -6957 - -22690. What is the thousands digit of t?
5
Let x = 7305 + -5031. What is the thousands digit of x?
2
Suppose 4 = 2*i - 0, -p + 5*i = -76. Let t = 88 - p. Suppose -4*u = -f - 688, 0 = -t*u + 3*u - 4*f - 187. What is the units digit of u?
1
Let c(i) = -841*i**3 + i. Let n be c(-1). Let u = -320 + n. What is the units digit of u?
0
Let k be (-444)/(-14) + 12/42.